Suppose -5*u + 18 = 2*o - 267, 2*u - 100 = 2*o. Suppose -8*n + u = -3*n. Is n prime?
True
Suppose 2*c - 3*c = -85. Suppose 2*k + c = -4*x + 259, -41 = -x - k. Is x prime?
False
Is 1814*(-2 - 5/(-2)) prime?
True
Let o(q) = q**3 + 7*q**2 + 2. Let j be o(-7). Is j/(-1) + 326/2 prime?
False
Suppose -2*m + 9533 = 5*c, 3*c = 5*m + 3955 + 1771. Is c a composite number?
False
Let a = -19 - -18. Is a + (63 - 3)/1 composite?
False
Let i(d) = -7*d + 1. Suppose -b - 6 = -3. Is i(b) a prime number?
False
Let z(x) = -2*x + 2. Let o be z(3). Let i be ((-2)/o - 1)*0. Suppose -3*d + 37 + 74 = i. Is d a composite number?
False
Suppose 3*n - 27 = 3*j, 0*j + 3*j = -n + 1. Let y be n + (1 - 3)/1. Let k = y - -30. Is k composite?
True
Let t = 1785 + 366. Let y(b) = b**3 - 7*b**2 + b - 3. Let j be y(7). Suppose 5*h + 2*q = 2087, 3*q = -j*h + t - 487. Is h a prime number?
True
Let p be 2*1*158/2. Let a = p + -91. Is a a prime number?
True
Let u = -1834 + 3587. Is u prime?
True
Suppose -8*u = -1248 - 824. Is u a prime number?
False
Suppose 7*i - 125 = 2*i - 5*j, 4*j = 2*i - 50. Is i a prime number?
False
Is 153 + -4 + 0 + 8 composite?
False
Let n = -7 + 4. Is n/2 - (-115)/10 composite?
True
Suppose -5*u = 15, 3*p + p = -3*u + 139. Is p a composite number?
False
Suppose 5*u = 2*u - 231. Let z = 114 + u. Is z a prime number?
True
Let k(i) = 6*i**2 - 8*i**3 + 4*i**3 - 10*i - 4 - 3 + 5*i**3. Is k(-7) a prime number?
False
Suppose -9 - 7 = 4*s. Let r = 10 + s. Suppose -z = -r*z + 20, -3*m = -z - 107. Is m a composite number?
False
Let u(t) = 288*t - 1. Is u(4) prime?
True
Suppose 5*b = h - 0*h - 29, -h - 5*b = 21. Suppose -j + 4*u = -0*j - 313, 3*j - h*u - 899 = 0. Is j a composite number?
False
Let q(k) = 3*k**2 + 2*k + 4. Let i = 10 - 7. Let j be q(i). Let p = j - 23. Is p prime?
False
Suppose 0*r = -2*r - 2*s + 8, -2*r - 5*s + 23 = 0. Let c = 78 - r. Is c a prime number?
True
Suppose -5*y - k + 3118 = -0*k, -5*y + k = -3112. Is y a prime number?
False
Suppose 2*u + 3 - 9 = 0. Suppose -o + u - 1 = 0. Is 1/(o + (-37)/19) composite?
False
Let v(c) = 2*c**3 - 2*c**3 + 9*c - c**3 + 8*c**2 - 3*c - 2. Is v(7) a prime number?
True
Let c(a) = 5*a + 2. Let p be c(3). Let v = p + -3. Is v composite?
True
Let d be ((-12)/10)/(14/(-35)). Suppose 5*h = 5*j - 675, h = j - d*h - 147. Is j a prime number?
True
Suppose 3*a + 32 = 7*a + 5*b, 2*a = -b + 10. Suppose -i = -s - 23, -2*s + 119 = 4*i + a*s. Is i a composite number?
True
Let n = 610 - 263. Is n prime?
True
Let l be (-1)/2*0 + 3. Suppose -l*p + p = -1042. Is p composite?
False
Let x(o) = o**3 + 2*o**2 + o - 4. Let c be x(-5). Let s = c + 215. Is s a composite number?
False
Suppose 2*c + 2*m + 2*m - 3270 = 0, -5*c + 2*m + 8187 = 0. Is c prime?
True
Let a = 1299 - 806. Is a composite?
True
Let g(u) = -15*u**3 + 2*u + 1. Let n be (2/3)/(2/18). Let x = 5 - n. Is g(x) prime?
False
Let o = -11969 - -17962. Suppose -3*q = -1621 - o. Suppose -5*w - 2*k + q = 953, 317 = w + k. Is w a prime number?
True
Let a(w) = 1 - 3 - 24*w + 0. Let x be a(-3). Suppose 7*k - 2*k = x. Is k composite?
True
Suppose 3*r + 3577 = 10*r. Is r a prime number?
False
Let k be (-533 + 1)*1*-1. Suppose -2*w + 6*w = k. Is w prime?
False
Let c(i) = i**3 - 10*i**2 + 6. Let n(y) = 3*y**3 - 21*y**2 + 12. Let k(p) = -5*c(p) + 2*n(p). Let h be k(-6). Let o = h - 28. Is o composite?
True
Suppose -2*p + 40 = 3*p. Suppose p = r - 10. Let n = 143 + r. Is n a composite number?
True
Let l(f) = -7*f - 1. Let k be l(7). Let j = -23 - k. Let w = j + -18. Is w composite?
True
Suppose r = -2*a + 633, -2*r + 4*a + 519 = -739. Is r prime?
True
Let f(s) be the first derivative of 3*s + 3/2*s**2 + 2 + 4/3*s**3. Is f(-4) composite?
True
Suppose 3*v + 0*v + k = 214, 0 = -4*v - 2*k + 286. Is v prime?
True
Is (-783)/9*(-2)/3 a prime number?
False
Is 5105/55 - 2 - (-6)/33 prime?
False
Suppose 0 = -4*u + 4 + 4. Suppose 2*w - 2*i - u*i = 102, -5*i = -5. Is w a prime number?
True
Let x = 25 + 17. Suppose -4*c = -4*k - 112, 5*k + x = c - 6. Suppose j - 2*a = c, -3*a + 7*a = -j + 17. Is j a prime number?
False
Let y be (-6908)/(-20) - 4/10. Is 3/(9/y) - 0 prime?
False
Suppose 5*p - 3*p - 2 = 0. Let d(c) = c**2 - c. Let t be d(p). Let u(l) = -l + 23. Is u(t) a prime number?
True
Suppose 5*j - 5*i - 915 = 0, -i = i + 8. Is j composite?
False
Suppose -3*r + 6 = 2*s, 10 = 5*r - 4*s - 22. Let d(l) be the second derivative of l**5/20 - l**4/4 + l**3/6 - l**2/2 - 4*l. Is d(r) composite?
False
Let c = 78 + -59. Is c a composite number?
False
Let w = 479 + 94. Is w a prime number?
False
Suppose i + 9 = -0*i + 3*h, 4*i = -3*h + 24. Suppose -i*q + 59 = -262. Suppose q = 2*d - 2*j - 123, -d - 3*j + 107 = 0. Is d a prime number?
True
Suppose 3*o + 0*o - 6 = 0. Suppose -5*j - 2*t + 21 = 0, j + o*t + 3*t - 18 = 0. Suppose -2*b = -2*q - 2*q - 6, 0 = j*b - 5*q - 14. Is b a prime number?
True
Let s be -1*(402 + 2)/(-4). Suppose q - s - 60 = 0. Is q prime?
False
Let b be 0/(-2 + 0/2). Suppose -724 = -4*d - b*d. Suppose 3*o + 10 = d. Is o composite?
True
Suppose 11 - 2 = 3*k. Suppose -k = 2*n + n. Is n*(-25 + (-2)/(-1)) composite?
False
Let q(l) = -3 + l + l + 1. Let d be q(5). Is (-43)/(-2) - (-4)/d a composite number?
True
Suppose 0 = c + 3*j - 7*j + 6, 4*j + 34 = 5*c. Let s = 1 - 8. Let b = c + s. Is b prime?
True
Is ((-3)/1)/(-5 + (-4060)/(-815)) a prime number?
True
Let y(q) = -1038*q - 1. Let l be y(-2). Suppose 0*f + l = -5*f. Let k = -296 - f. Is k composite?
True
Let o = -900 - -1807. Is o prime?
True
Let u = 5 + -1. Suppose -2*o = -u*o. Suppose -4*r + 288 = 2*g - 164, r + 2*g - 113 = o. Is r a prime number?
True
Suppose 165 + 81 = 2*b - 2*m, -385 = -3*b - m. Is b a composite number?
False
Suppose 4*u = 58 + 34. Is u prime?
True
Suppose 5*w + 1502 = 5267. Is w composite?
True
Let g(h) = -11*h + 8. Let q(a) = a**2 - 4*a + 4. Let p be q(4). Let m = -3 - p. Is g(m) a prime number?
False
Let s(g) = -5*g. Let a(c) = 6*c - 1. Let d(h) = 2*a(h) + 3*s(h). Is d(-7) a prime number?
True
Let h be (-120)/65 + 4/(-26). Is (5 - 4)/(h/(-138)) a prime number?
False
Suppose 4 + 60 = 4*l. Let f = 35 - l. Is f a composite number?
False
Suppose 0 = g - 9 - 25. Is g a composite number?
True
Let n(t) = -13*t**3 + t**2 + 2*t + 7. Let u(y) = 12*y**3 - y**2 - y - 6. Let v = 6 + 0. Let s(r) = v*u(r) + 5*n(r). Is s(3) a prime number?
True
Suppose -9*a = -4*a - 6685. Is a a prime number?
False
Let r(w) = 71*w - 47. Is r(14) a prime number?
True
Is ((-5)/(-3))/(17/1887) prime?
False
Suppose -4*m + 7307 = 279. Is m a composite number?
True
Let j(m) = m**2 + 9*m + 11. Let n be j(-11). Suppose -h + 112 = n. Is h a composite number?
False
Let o(q) = 5*q - 8. Is o(21) prime?
True
Let s(h) = -28*h - 7. Is s(-6) a prime number?
False
Suppose 0*z + 3423 = 3*z. Is z prime?
False
Suppose -3*w - 2*w + 15 = 0. Suppose -89 = w*x - 4*x. Is x a prime number?
True
Let p(s) = -14*s + 59*s + 28*s. Is p(3) prime?
False
Let z(i) = i**2 + 12*i + 4. Let v be z(-12). Suppose 3*x - t + 104 = 0, -v*t + 171 = -5*x - 0*x. Let q = 4 - x. Is q composite?
True
Let l(w) = -26*w**2 - w + 4. Let i be l(-3). Let y = i - -358. Is y prime?
True
Let h(o) = -o**3 - 14*o**2 + 16*o + 17. Let c be h(-15). Suppose 4*v = t - 553, -2*t + 3*v - c*v + 1085 = 0. Is t composite?
False
Let r(i) = 4*i - 6. Suppose -14 = -4*t + 2*d - 0*d, d = 3*t - 12. Let f be r(t). Let v = f - -7. Is v prime?
False
Suppose -9 = n - 3*g, 2*g - 8 = -0*g. Suppose n + 0 = -s. Is 2/(-6)*s + 3 composite?
True
Let t(u) be the third derivative of u**6/120 - u**5/60 - u**4/12 + u**3/6 + u**2. Is t(3) a prime number?
True
Let o = -1314 + 4957. Is o a prime number?
True
Suppose 6965 = 8*d + 909. Is d a prime number?
True
Let m = -124 - -327. Is m a prime number?
False
Suppose 0 = h + 5*h - 3342. Is h a prime number?
True
Suppose 0*a = 5*a - 115. Let f = 9 + -6. Suppose f*m - 278 + a = 0. Is m a composite number?
True
Suppose o - 4*k = 9, -4*o - 4*k - 6 = -2. Let p be o/(-1) - -6 - 1. Is (-2 - -14) + p/2 prime?
False
Let r be 33/6 - 2/4. Suppose -6*u + 53 = -r*u. Suppose -2*o - u = -3*o. Is o a prime number?
True
Let r be ((-12)/(-14))/(3/(-378)). Let o = 187 + r. Is o a prime number?
True
Suppose 0 = 2*h - 2*z - 784, -246 + 1432 = 3*h + 2*z. Suppose 0 = 4*u - 3*b + h, -2*u - 5*b - 52 - 132 = 0. Let i = u -